 -136 - -231. What is the units digit of z?
5
Let h(v) = v - 4. Let o be h(6). Suppose -i - o = -2*i. What is the units digit of i?
2
Suppose 2*r + 3*x = 134, -5*r = -0*r - 2*x - 335. What is the units digit of r?
7
Let q(z) = 6*z**2. Let i(u) = 2*u**2 - 4*u + 2. Let g be i(2). Suppose -4*y = l - 1, -4*l + y + g*y = -4. What is the units digit of q(l)?
6
Suppose 84 = 2*k - k. Suppose t + t + 60 = 4*j, 0 = 3*t - 3*j + k. Let g = -14 - t. What is the units digit of g?
2
Suppose 64*g = 60*g + 984. What is the hundreds digit of g?
2
Suppose 11 = 4*w - 1. What is the units digit of 1/w + 105/9?
2
What is the tens digit of 2/(-9) + (-1526)/(-63)?
2
Let t(q) = -q**2 + 1. Let n be t(1). Suppose 0 = -3*p - n*p. Suppose -a + 0*a - 5*o + 8 = p, 4*a + 2*o - 14 = 0. What is the units digit of a?
3
Let o be (1 - 1)/(1 - -1). Suppose 31 = 3*h + 3*t + 1, o = -3*h - 2*t + 33. What is the tens digit of h?
1
Let z = 270 + -156. What is the hundreds digit of z?
1
Let a(r) = -r**3 - 5*r**2 - 4*r + 2. Let z be a(-4). What is the units digit of 3/6 - z/(-4)?
1
Suppose -2*w + 17 = 5*o, 0*w - 7 = o + 3*w. Suppose 0 = 2*i + o*q - 65, 2*i + 4*q = 7*i - 179. Suppose -7*n = -2*n - i. What is the units digit of n?
7
Suppose n + n = 5*b - 26, 2*n - 10 = -4*b. Suppose f - u + 0 - 7 = 0, 5*u + 7 = -2*f. Suppose b*a = -0*a + f. What is the units digit of a?
1
Let r = 10 + -10. Suppose 103 = 5*u - r*g - g, 15 = -5*g. What is the tens digit of u?
2
Let o be (-4)/(-20) + 8/10. What is the units digit of (o + (-2)/6)*9?
6
Suppose -4*j + 17 = 5*o, -2*j - o + 11 = -2. What is the units digit of j*1 - 9/3?
5
Let t = -3 + 1. What is the units digit of 1/(t - (-7)/3)?
3
Let n(h) = -h**2 + 3*h + 3. Let b be n(5). Let w = 15 + b. What is the units digit of w?
8
What is the units digit of 4*(-3)/(-18) + 6/18?
1
Let d(j) = -j**3 + 5*j**2 + 3*j + 1. What is the units digit of d(-3)?
4
Suppose 0*n - 2*n = 0. Suppose -z - z + 5*b - 4 = 0, n = 3*z - 5*b - 4. What is the units digit of z?
8
Suppose 0 = -6*d + 8*d - 14. What is the units digit of d?
7
Suppose -76*j = -73*j - 48. What is the units digit of j?
6
Let m = 77 - -31. What is the units digit of m?
8
Let m be 0/((-2)/4*2). Suppose 3*t + m*x = 2*x + 20, t + 3*x + 8 = 0. Suppose -t*z + 5 = z. What is the units digit of z?
1
Let j(u) = -2*u - 5. Let c be j(-4). Let a(x) = -2*x + 1. Let n be a(-5). Suppose -f + 2*f - n = r, -3 = c*r. What is the units digit of f?
0
Suppose 0 = -5*a + z, 3*a + 4*z = -12 - 11. Let s = -8 - -6. Let k = a - s. What is the units digit of k?
1
Suppose -18*f = -14*f - 216. What is the tens digit of f?
5
Let l = 34 - -95. What is the units digit of l?
9
Let j be (-6)/24 - (-2)/8. Suppose -3 - 14 = -p - 2*r, j = 5*p + 2*r - 61. What is the units digit of p?
1
Let p be (-2)/(-6) + (-328)/(-6). Suppose -4*c + p = c. What is the tens digit of c?
1
Suppose 14*o - 2475 = 3*o. What is the units digit of o?
5
Let c be 4/10 - (-58)/5. What is the units digit of 2/6 + 488/c?
1
Suppose -3 = -3*v + 3*d + 12, 0 = 5*v + 4*d + 20. Suppose -j - 6 = -v*j. What is the units digit of (-6)/3 - (1 + j)?
3
Let x be (18/(-27))/(2/(-6)). What is the units digit of (x + 19)/((-6)/(-8))?
8
What is the units digit of (-8)/1*(-10 + 6)?
2
Let m(s) = 10*s. Suppose 2*p + 9 = 5*p. Let z be m(p). Suppose 4*x - z = 2*w, -5*x + 19 = 5*w - 11. What is the units digit of x?
7
Let z(i) = i**3 - 5*i**2 - 6*i + 6. Let t be z(5). Let d = 34 + t. What is the tens digit of d?
1
Suppose -5*c - 25 = -10*c. What is the units digit of c?
5
Suppose k = -6 + 1. Let b(d) = d**3 + 6*d**2 + 3*d - 6. Let o be b(k). Suppose -o*x + 75 = x. What is the tens digit of x?
1
Let v(u) = -u**3 + 6*u**2 + 2*u - 6. Let t be v(6). What is the units digit of (-74)/(-14) - t/21?
5
Let s(d) = d - 2. Let i be s(3). What is the units digit of -1 + (7 - (-2 - i))?
9
Suppose 2*n + 94 = 3*f + 430, 5*f - 815 = -5*n. What is the units digit of n?
5
Suppose 185 = -0*c + 5*c. What is the units digit of c?
7
Let q(v) = -2*v + 10. What is the tens digit of q(-6)?
2
Let q = 60 - -94. What is the hundreds digit of q?
1
Let c = 410 + -130. What is the units digit of c?
0
What is the tens digit of (288/120)/((-2)/(-75))?
9
Let z(h) = -h**2 - 3*h + 1. Let y be z(-3). Let q = y - 4. Let i(r) = r**2 - r - 3. What is the units digit of i(q)?
9
Let s(u) = -u - 1. Let j be s(-5). Suppose m + 1 = j. Suppose 2*f - 25 = -m*f. What is the units digit of f?
5
Let y = 5 - 1. Let x be (2/y)/(2/(-20)). What is the units digit of -1 - x/((-15)/(-42))?
3
Suppose 2*u + 3*a + 15 = 0, 2*u + 2*a + 0*a = -10. What is the units digit of (1 + u)*7*4?
8
Suppose 3*j - 6 = j. Suppose -3*k - 16 = -4*w, 2*w - j*k = -w + 15. Suppose -3*n = 4*i - 27, 3*n - w = 2*n. What is the units digit of i?
6
Let s = -47 + 82. What is the tens digit of s?
3
Suppose 0 = 4*f + 3*j - 6*j - 911, -906 = -4*f - 2*j. What is the units digit of f?
7
Suppose 0 = -4*p + p - 6. What is the units digit of 12/10 + p/10?
1
Let u = 15 - 11. What is the units digit of ((-10)/u)/((-5)/20)?
0
Suppose 4*g - 28 = -4*n, -3*n - 2*n = -20. Suppose -5*a = -k - 17, 3*a + g*k = -0*k + 3. What is the units digit of a?
3
Let u = -3 + 2. Suppose 0 = -3*h + 2*h - 2. What is the units digit of (u + (-4)/h)*1?
1
Let n be 60*((-2)/(-5))/1. Let c(t) = -t - 2. Let g be c(-5). Suppose n = g*i - 9. What is the tens digit of i?
1
Let z = -3 - 25. Let m = z + 41. What is the units digit of m?
3
Let r(d) = d**3 + 12*d**2 + 7*d - 17. What is the units digit of r(-11)?
7
Let p(m) = -m**2 + 10*m. Let y = -12 + 19. What is the units digit of p(y)?
1
Let h = -31 + 22. Let t = h + 4. Let o = 1 - t. What is the units digit of o?
6
Let u = -79 + 169. What is the tens digit of u?
9
Let h = 158 + -44. Suppose 0 = f + 2*f - h. What is the units digit of f?
8
Let y(q) = -4*q**3 + q**2 - q - 1. Let x be y(-1). Let j(s) = 9*s**2 + s - 2. Let d be j(-2). Suppose -x*a + d = -a. What is the units digit of a?
8
Let u(j) = 56*j**2. Let r be u(1). Let i = r + -26. What is the tens digit of i?
3
Let g = 288 - 139. Let b = g - 251. What is the units digit of b/(-12) - 1/(-2)?
9
Let s = 8 - 18. Let f(q) = 6*q - 7*q + 1 - 1. What is the tens digit of f(s)?
1
Let x(v) = -v**2 - 7*v + 8. Let p be x(-7). Suppose 4*y - 20 = -8. Suppose 6*o - 4*o = h + 5, h - y*o + p = 0. What is the units digit of h?
1
Suppose 36 = 7*w - 4*w. What is the units digit of (w - 2) + -5 + 4?
9
Let l be 1/3 + 10/(-3). Let g = 8 + l. Suppose -4*h = -5*h - 2*r - 3, -g*r = -3*h + 13. What is the units digit of h?
1
Suppose -4*n = -5*n + 19. Let c = -5 + 5. Suppose 3*i - i - 6 = 0, 4*x + i - n = c. What is the units digit of x?
4
Suppose -35 = 5*k + 2*h - 4*h, -4*h + 20 = 0. What is the units digit of (k/2)/((-6)/12)?
5
Let k be (31 + -1)*(-2)/(-3). Suppose 2*x + 14 + 10 = 0. What is the units digit of k/(-6)*x/5?
8
Let n(g) = g**3 + 12*g**2 + 11*g - 19. What is the units digit of n(-7)?
9
Let g = -20 - -19. Let r(x) = -19*x**3 + x**2 - 1. What is the tens digit of r(g)?
1
Suppose 0 = -3*z + 6*z - 66. What is the tens digit of z?
2
What is the tens digit of 2 + 30 + 2 + -2?
3
Suppose 2*a = -k + 10, 17 + 21 = 2*k - 2*a. Suppose 0 = -4*r + 2*r + k. What is the units digit of r?
8
Let s = -20 - -29. What is the units digit of s?
9
Let f(r) = r**2 + r + 4. What is the units digit of f(-5)?
4
Suppose -2*o + o - 5*w = -171, 0 = o - 5*w - 171. What is the units digit of o?
1
Let p(u) = -u**3 + 2*u**2 + 4*u + 6. What is the units digit of p(-4)?
6
Let j be 8/10*5/2. Suppose 4*h = j + 130. What is the tens digit of h?
3
Suppose 4*j + 198 = 826. What is the tens digit of j?
5
Suppose 4*f + 88 = 4*k, -4*k - 37 + 133 = 4*f. What is the units digit of k?
3
Suppose 3*t = -39 + 9. Let f = t - -29. What is the units digit of f?
9
Let w(g) = -g**2 - 4*g - 1. What is the units digit of w(-2)?
3
Suppose 22 = 5*p - 18. Suppose -4*s + 0 = -p. Let n = s + 0. What is the units digit of n?
2
Let c = -2 + 6. Suppose 2*p + 2*p = 3*z - 16, -p + 15 = c*z. What is the units digit of z?
4
Let b be (-8)/5 - 2/5. Let f(q) = -2*q**3 - q**2 - q - 2. What is the units digit of f(b)?
2
Let z(d) = d + 1. Let l be ((-1 - -4) + -2)*6. Let v = 8 - l. What is the units digit of z(v)?
3
Let l(a) = 2*a - 11. Suppose 0 = 3*d + 3*c - 42, 3*d - 2*d + 1 = 2*c. What is the 